it of 500296592?
6
What is the thousands digit of 4538900558?
0
What is the hundred millions digit of 4555392491?
5
What is the hundred millions digit of 498915357?
4
What is the tens digit of 37126145?
4
What is the tens digit of 40660231?
3
What is the hundred thousands digit of 358655075?
6
What is the hundreds digit of 50075432?
4
What is the ten thousands digit of 280300642?
0
What is the ten millions digit of 36365464?
3
What is the thousands digit of 83461080?
1
What is the millions digit of 139732839?
9
What is the hundred thousands digit of 176537075?
5
What is the millions digit of 1320322534?
0
What is the ten millions digit of 557028410?
5
What is the tens digit of 25132461?
6
What is the ten millions digit of 1188592388?
8
What is the ten thousands digit of 961405722?
0
What is the hundred millions digit of 290487892?
2
What is the billions digit of 5413894117?
5
What is the ten thousands digit of 75416848?
1
What is the millions digit of 4249725?
4
What is the hundreds digit of 165895761?
7
What is the hundreds digit of 1037524259?
2
What is the hundred thousands digit of 115061671?
0
What is the hundred thousands digit of 95344694?
3
What is the ten thousands digit of 33070049?
7
What is the hundreds digit of 386798076?
0
What is the thousands digit of 82244260?
4
What is the millions digit of 2026341074?
6
What is the thousands digit of 8591818429?
8
What is the ten thousands digit of 1046958278?
5
What is the thousands digit of 202406161?
6
What is the ten millions digit of 49926427?
4
What is the thousands digit of 582189202?
9
What is the hundred thousands digit of 38872412?
8
What is the ten millions digit of 42598120?
4
What is the thousands digit of 59491218?
1
What is the hundreds digit of 150051016?
0
What is the ten thousands digit of 302407612?
0
What is the ten millions digit of 147667622?
4
What is the units digit of 38417842?
2
What is the hundred thousands digit of 41737874?
7
What is the billions digit of 1301042020?
1
What is the units digit of 33834200?
0
What is the ten thousands digit of 503906699?
0
What is the thousands digit of 31738427?
8
What is the hundred millions digit of 3174190367?
1
What is the hundreds digit of 1196132855?
8
What is the hundreds digit of 678193023?
0
What is the hundred millions digit of 7195903872?
1
What is the hundreds digit of 35749606?
6
What is the ten millions digit of 111391586?
1
What is the millions digit of 4105497151?
5
What is the ten millions digit of 47399560?
4
What is the thousands digit of 83814616?
4
What is the billions digit of 2585895625?
2
What is the millions digit of 50678140?
0
What is the ten thousands digit of 64499934?
9
What is the hundreds digit of 915518007?
0
What is the hundred millions digit of 1964037772?
9
What is the ten thousands digit of 285105996?
0
What is the ten millions digit of 108865655?
0
What is the ten millions digit of 2860765216?
6
What is the tens digit of 4895230744?
4
What is the hundred thousands digit of 29928727?
9
What is the ten thousands digit of 89894418?
9
What is the ten millions digit of 85573583?
8
What is the thousands digit of 405099?
5
What is the millions digit of 1280165601?
0
What is the ten millions digit of 60426651?
6
What is the hundred millions digit of 261628125?
2
What is the thousands digit of 401780?
1
What is the ten thousands digit of 21544142?
4
What is the ten thousands digit of 4759017953?
1
What is the hundred millions digit of 318674708?
3
What is the ten millions digit of 1477805000?
7
What is the billions digit of 1847248618?
1
What is the hundreds digit of 213237878?
8
What is the hundred millions digit of 1162622689?
1
What is the tens digit of 17126349?
4
What is the ten millions digit of 276461191?
7
What is the thousands digit of 66510986?
0
What is the thousands digit of 351370268?
0
What is the tens digit of 76621672?
7
What is the millions digit of 1201150130?
1
What is the hundred thousands digit of 59717704?
7
What is the ten thousands digit of 161632138?
3
What is the ten millions digit of 53982332?
5
What is the hundreds digit of 30772312?
3
What is the hundreds digit of 5763643?
6
What is the millions digit of 394609461?
4
What is the thousands digit of 123879314?
9
What is the ten thousands digit of 58927779?
2
What is the billions digit of 3032409213?
3
What is the ten millions digit of 36573370?
3
What is the hundred millions digit of 1852448818?
8
What is the hundreds digit of 46050525?
5
What is the ten millions digit of 64073320?
6
What is the hundred millions digit of 2685713461?
6
What is the hundred millions digit of 743998542?
7
What is the thousands digit of 1753080400?
0
What is the hundreds digit of 1028248650?
6
What is the ten millions digit of 245249905?
4
What is the hundreds digit of 614342750?
7
What is the tens digit of 5752535142?
4
What is the hundred thousands digit of 167832274?
8
What is the hundreds digit of 75533277?
2
What is the millions digit of 1225380671?
5
What is the tens digit of 364764054?
5
What is the ten thousands digit of 33345607?
4
What is the thousands digit of 3142699467?
9
What is the thousands digit of 48203806?
3
What is the thousands digit of 3790113062?
3
What is the hundred millions digit of 757105985?
7
What is the ten thousands digit of 361986643?
8
What is the ten thousands digit of 454405045?
0
What is the units digit of 2317360979?
9
What is the hundreds digit of 92726796?
7
What is the tens digit of 36239441?
4
What is the hundreds digit of 3292087414?
4
What is the hundred thousands digit of 1235166240?
1
What is the hundred millions digit of 205638059?
2
What is the hundreds digit of 1048690207?
2
What is the ten thousands digit of 627069176?
6
What is the thousands digit of 24325606?
5
What is the tens digit of 2125375788?
8
What is the tens digit of 1664858290?
9
What is the ten thousands digit of 40949062?
4
What is the thousands digit of 321225326?
5
What is the units digit of 28557561?
1
What is the hundreds digit of 30190599?
5
What is the millions digit of 550503043?
0
What is the millions digit of 103569779?
3
What is the hundred millions digit of 5403899057?
4
What is the ten thousands digit of 6586928904?
2
What is the hundred millions digit of 928905058?
9
What is the hundred millions digit of 498392188?
4
What is the hundred thousands digit of 17671034?
6
What is the units digit of 5031567608?
8
What is the hundred thousands digit of 1480381585?
3
What is the hundreds digit of 9746709?
7
What is the hundred thousands digit of 81534122?
5
What is the ten thousands digit of 245744713?
4
What is the tens digit of 458193912?
1
What is the millions digit of 72196096?
2
What is the ten thousands digit of 515038621?
3
What is the ten millions digit of 40974117?
4
What is the units digit of 1753455086?
6
What is the units digit of 435068130?
0
What is the hundreds digit of 95206536?
5
What is the hundreds digit of 509162502?
5
What is the hundreds digit of 103964049?
0
What is the hundred thousands digit of 1180783819?
7
What is the thousands digit of 124384136?
4
What is the tens digit of 450456938?
3
What is the ten millions digit of 80483022?
8
What is the units digit of 47385033?
3
What is the units digit of 2763440878?
8
What is the tens digit of 470248053?
5
What is the tens digit of 132117075?
7
What is the millions digit of 1089920029?
9
What is the thousands digit of 22716128?
6
What is the units digit of 82334288?
8
What is the hundred millions digit of 221150720?
2
What is the hundreds digit of 99089703?
7
What is the hundred thousands digit of 4233960561?
9
What is the ten thousands digit of 1620081416?
8
What is the millions digit of 15963123?
5
What is the billions digit of 5207775102?
5
What is the hundred thousands digit of 246820731?
8
What is the hundred thousands digit of 1373198202?
1
What is the tens digit of 10850069?
6
What is the millions digit of 61656748?
1
What is the millions digit of 25390653?
5
What is the thousands digit of 9198941338?
1
What is the hundred thousands digit of 123977535?
9
What is the billions digit of 1211338024?
1
What is the thousands digit of 1970374544?
4
What is the ten thousands digit of 393124434?
2
What is the hundreds digit of 1098764?
7
What is the ten thou